{"id":2028,"date":"2020-06-04T16:24:15","date_gmt":"2020-06-04T14:24:15","guid":{"rendered":"http:\/\/www.dev.edite-moi.fr\/?page_id=2028"},"modified":"2020-06-04T16:25:07","modified_gmt":"2020-06-04T14:25:07","slug":"mentions-legales","status":"publish","type":"page","link":"https:\/\/www.dev.edite-moi.fr\/?page_id=2028","title":{"rendered":"Mentions l\u00e9gales"},"content":{"rendered":"<p>[et_pb_section fb_built=\u00a0\u00bb1&Prime; _builder_version=\u00a0\u00bb4.4.7&Prime;][et_pb_row _builder_version=\u00a0\u00bb4.4.7&Prime;][et_pb_column _builder_version=\u00a0\u00bb4.4.7&Prime; type=\u00a0\u00bb4_4&Prime;][et_pb_text _builder_version=\u00a0\u00bb4.4.7&Prime; hover_enabled=\u00a0\u00bb0&Prime;]<\/p>\n<p>Mentions l\u00e9gales<\/p>\n<p>EDITE-MOI<\/p>\n<p>MADAME MARTINE PREVOT, auto-entrepreneur (SIRET : 78982286300021), ayant son si\u00e8ge social au EDITIONS EDITES-MOI, 4 AV DE LA LANDE 81400 CARMAUX.<\/p>\n<p>Contact<br \/>T\u00e9l : 06 26 79 12 78<\/p>\n<p>Directrice de la publication : Madame Martine Pr\u00e9v\u00f4t, ayant la qualit\u00e9 de dirigeante de l\u2019entreprise Editions Edite-moi.<\/p>\n<p>Courrier<br \/>Editions Edite-moi<br \/>4 Avenue de La Lande<br \/>81400 CARMAUX<\/p>\n<p>H\u00e9bergement du site edite-moi.fr :<br \/>1&amp;1<br \/>Si\u00e8ge Social :<br \/>7 Place de la Gare<br \/>57200 SARREGUEMINES<br \/>T\u00e9l. : +33 (0)9.70.80.89.11<\/p>\n<p>[\/et_pb_text][\/et_pb_column][\/et_pb_row][\/et_pb_section]<\/p>\n","protected":false},"excerpt":{"rendered":"<p>Mentions l\u00e9gales EDITE-MOI MADAME MARTINE PREVOT, auto-entrepreneur (SIRET : 78982286300021), ayant son si\u00e8ge social au EDITIONS EDITES-MOI, 4 AV DE LA LANDE 81400 CARMAUX. ContactT\u00e9l : 06 26 79 12 78 Directrice de la publication : Madame Martine Pr\u00e9v\u00f4t, ayant la qualit\u00e9 de dirigeante de l\u2019entreprise Editions Edite-moi. CourrierEditions Edite-moi4 Avenue de La Lande81400 CARMAUX [&hellip;]<\/p>\n","protected":false},"author":6,"featured_media":0,"parent":0,"menu_order":0,"comment_status":"closed","ping_status":"closed","template":"","meta":{"_et_pb_use_builder":"on","_et_pb_old_content":"<!-- wp:divi\/placeholder \/-->","_et_gb_content_width":""},"_links":{"self":[{"href":"https:\/\/www.dev.edite-moi.fr\/index.php?rest_route=\/wp\/v2\/pages\/2028"}],"collection":[{"href":"https:\/\/www.dev.edite-moi.fr\/index.php?rest_route=\/wp\/v2\/pages"}],"about":[{"href":"https:\/\/www.dev.edite-moi.fr\/index.php?rest_route=\/wp\/v2\/types\/page"}],"author":[{"embeddable":true,"href":"https:\/\/www.dev.edite-moi.fr\/index.php?rest_route=\/wp\/v2\/users\/6"}],"replies":[{"embeddable":true,"href":"https:\/\/www.dev.edite-moi.fr\/index.php?rest_route=%2Fwp%2Fv2%2Fcomments&post=2028"}],"version-history":[{"count":3,"href":"https:\/\/www.dev.edite-moi.fr\/index.php?rest_route=\/wp\/v2\/pages\/2028\/revisions"}],"predecessor-version":[{"id":2032,"href":"https:\/\/www.dev.edite-moi.fr\/index.php?rest_route=\/wp\/v2\/pages\/2028\/revisions\/2032"}],"wp:attachment":[{"href":"https:\/\/www.dev.edite-moi.fr\/index.php?rest_route=%2Fwp%2Fv2%2Fmedia&parent=2028"}],"curies":[{"name":"wp","href":"https:\/\/api.w.org\/{rel}","templated":true}]}}